{"id":23,"date":"2013-11-22T14:26:09","date_gmt":"2013-11-22T14:26:09","guid":{"rendered":"https:\/\/abchypnose.com\/?page_id=23"},"modified":"2018-05-16T11:12:26","modified_gmt":"2018-05-16T10:12:26","slug":"hypnose-ericksonienne","status":"publish","type":"page","link":"https:\/\/abchypnose.com\/?page_id=23","title":{"rendered":"Hypnose Ericksonienne"},"content":{"rendered":"<p><span style=\"font-family: 'trebuchet ms', geneva; font-size: small;\">Il existe de nombreux sites qui peuvent vous d\u00e9crire l&#8217;<strong>Hypnose<\/strong> \u00e0 travers les \u00e2ges. Certains d&#8217;entre eux abordent de quelle mani\u00e8re on pourrait envisager que les chamans et autres conteurs d&#8217;histoires d&#8217;un autre temps utilisaient d\u00e9j\u00e0 les m\u00e9taphores et les suggestions pour provoquer de profonds changements aux personnes de leur entourage. D&#8217;autres nous proposent d&#8217;imaginer que certaines formes d&#8217;Arts dans leurs capacit\u00e9s \u00e0 nous absorber, nous transporter ou nous \u00e9mouvoir sont d\u00e9j\u00e0 une forme d&#8217;Hypnose (litt\u00e9rature, cin\u00e9ma, musique, peinture, sculpture &#8230;). Enfin certains pensent m\u00eame que l&#8217;\u00e9tat hypnotique est un \u00e9tat naturel que chacun d&#8217;entre nous exp\u00e9rimente quotidiennement &#8230; lorsque vous \u00eates profond\u00e9ment concentr\u00e9s, focalis\u00e9s&#8230; ou hypnotis\u00e9s par ce que vous faites.<\/span><\/p>\n<p><span style=\"font-family: 'trebuchet ms', geneva; font-size: small;\">Pour ma part, j&#8217;ai une approche plut\u00f4t cart\u00e9sienne et rationnelle de l&#8217;Hypnose. Il s&#8217;agit d&#8217;un ensemble de techniques que l&#8217;on applique pour obtenir un \u00e9tat particulier chez une personne. Pas de pouvoir magique, pas de don\u00a0h\u00e9r\u00e9ditaire, simplement une formation pr\u00e9cise aux outils\u00a0n\u00e9cessaires\u00a0\u00e0 l&#8217;accompagnement d&#8217;une personne vers le changement.\u00a0<\/span><\/p>\n<p><span style=\"font-family: 'trebuchet ms', geneva; font-size: small;\">L&#8217;<strong>Hypnose\u00a0Ericksonienne<\/strong> est une hypnose &#8220;permissive&#8221; qui \u00a0repose sur l\u2019acc\u00e8s et l&#8217;utilisation de parts m\u00e9connues de chacun de nous. \u00a0En effet elle nous permet de faire communiquer entre elles des parties de soi dites &#8216;inconscientes&#8217;, chacune de ses parties ayant leurs propres besoins, leurs propres envies, leurs propres peurs, leurs propres croyances &#8230;.\u00a0<\/span><\/p>\n<p><span style=\"font-family: 'trebuchet ms', geneva; font-size: small;\">M\u00e9taphoriquement ont pourrait imaginer q&#8217;une  partie de nous g\u00e8re nos automatismes (respirer, marcher, dig\u00e9rer..), Une autre serais la gardienne de toutes nos ressources, de toutes nos exp\u00e9riences pass\u00e9es, de toute notre m\u00e9moire &#8230; et une autre encore qui aurais d\u00e9cid\u00e9 pendant que vous \u00eatre en train de lire ces lignes d&#8217;oublier la sensation de vos chaussures \u00e0 vos pieds \u00a0ou du tee shirt sur vos \u00e9paules. Vous les sentez tout \u00e0 coup ?<\/span><\/p>\n<p><span style=\"font-family: 'trebuchet ms', geneva; font-size: small;\">Les \u00e9tats recherch\u00e9s d\u00e9pendent des objectifs de chacun, globalement il s&#8217;agit de se mettre dans les meilleurs conditions pour pouvoir atteindre ses buts.<\/span><\/p>\n<p><a title=\"Les outils\" href=\"https:\/\/abchypnose.com\/?page_id=9\">Retour<\/a><\/p>\n","protected":false},"excerpt":{"rendered":"<p>Il existe de nombreux sites qui peuvent vous d\u00e9crire l&#8217;Hypnose \u00e0 travers les \u00e2ges. Certains d&#8217;entre eux abordent de quelle mani\u00e8re on pourrait envisager que les chamans et autres conteurs d&#8217;histoires d&#8217;un autre temps utilisaient d\u00e9j\u00e0 les m\u00e9taphores et les suggestions pour provoquer de profonds changements aux personnes de leur entourage. D&#8217;autres nous proposent d&#8217;imaginer [&hellip;]<\/p>\n","protected":false},"author":1,"featured_media":0,"parent":9,"menu_order":0,"comment_status":"closed","ping_status":"open","template":"","meta":{"footnotes":""},"class_list":["post-23","page","type-page","status-publish","hentry"],"_links":{"self":[{"href":"https:\/\/abchypnose.com\/index.php?rest_route=\/wp\/v2\/pages\/23","targetHints":{"allow":["GET"]}}],"collection":[{"href":"https:\/\/abchypnose.com\/index.php?rest_route=\/wp\/v2\/pages"}],"about":[{"href":"https:\/\/abchypnose.com\/index.php?rest_route=\/wp\/v2\/types\/page"}],"author":[{"embeddable":true,"href":"https:\/\/abchypnose.com\/index.php?rest_route=\/wp\/v2\/users\/1"}],"replies":[{"embeddable":true,"href":"https:\/\/abchypnose.com\/index.php?rest_route=%2Fwp%2Fv2%2Fcomments&post=23"}],"version-history":[{"count":10,"href":"https:\/\/abchypnose.com\/index.php?rest_route=\/wp\/v2\/pages\/23\/revisions"}],"predecessor-version":[{"id":271,"href":"https:\/\/abchypnose.com\/index.php?rest_route=\/wp\/v2\/pages\/23\/revisions\/271"}],"up":[{"embeddable":true,"href":"https:\/\/abchypnose.com\/index.php?rest_route=\/wp\/v2\/pages\/9"}],"wp:attachment":[{"href":"https:\/\/abchypnose.com\/index.php?rest_route=%2Fwp%2Fv2%2Fmedia&parent=23"}],"curies":[{"name":"wp","href":"https:\/\/api.w.org\/{rel}","templated":true}]}}