{"id":48,"date":"2013-11-22T15:41:30","date_gmt":"2013-11-22T15:41:30","guid":{"rendered":"https:\/\/abchypnose.com\/?page_id=48"},"modified":"2013-11-22T15:43:41","modified_gmt":"2013-11-22T15:43:41","slug":"code-de-deontologie-des-hypnologues","status":"publish","type":"page","link":"https:\/\/abchypnose.com\/?page_id=48","title":{"rendered":"Code de d\u00e9ontologie des hypnologues"},"content":{"rendered":"<p>CODE DE DEONTOLOGIE DES HYPNOLOGUES<br \/>\nSignataire : Acad\u00e9mie pour la Reconnaissance et la Connaissance en Hypnose Ericksonienne<br \/>\nArt 1. Respect des droits fondamentaux<br \/>\nL\u2019hypnologue exerce sa mission dans le respect de la dignit\u00e9 humaine, de la vie personnelle, priv\u00e9e et familiale de la personne.<br \/>\nArt 2. Moralit\u00e9, probit\u00e9 et humanit\u00e9<br \/>\nLes principes essentiels de la profession guident le comportement de l\u2019hypnologue en toutes circonstances.<br \/>\nL\u2019hypnologue exerce ses fonctions avec ind\u00e9pendance, probit\u00e9 et humanit\u00e9.<br \/>\nLes relations de confiance ne peuvent exister que s\u2019il n\u2019y a aucun doute sur l\u2019honneur personnel, la probit\u00e9 et l\u2019int\u00e9grit\u00e9 de l\u2019hypnologue.<br \/>\nCes vertus traditionnelles sont des obligations professionnelles.<br \/>\nIl est fait interdiction d \u2018 exercer sous un pseudonyme. La personne de l\u2019hypnologue doit \u00eatre parfaitement identifiable notamment au<br \/>\nmoyen de son nom et pr\u00e9nom.<br \/>\nIl respecte en outre, dans son exercice, les principes de loyaut\u00e9, de confraternit\u00e9, de d\u00e9licatesse, de mod\u00e9ration et de courtoisie.<br \/>\nIl fait preuve, \u00e0 l\u2019\u00e9gard de ses clients, de comp\u00e9tence, de d\u00e9vouement, de diligence et de prudence.<br \/>\nArt 3.Ind\u00e9pendance<br \/>\nLa profession d\u2019hypnologue est une profession lib\u00e9rale et ind\u00e9pendante quel que soit son mode d\u2019exercice. Celle-ci ne peut \u00eatre ali\u00e9n\u00e9e.<br \/>\nLa multiplicit\u00e9 des devoirs incombant \u00e0 l\u2019hypnologue lui impose une ind\u00e9pendance absolue, exempte de toute pression, notamment de<br \/>\ncelle r\u00e9sultant de ses propres int\u00e9r\u00eats ou d\u2019influences ext\u00e9rieures.<br \/>\nArt 4. Secret professionnel<br \/>\nLe secret professionnel, institu\u00e9 dans l&#8217;int\u00e9r\u00eat des clients, s&#8217;impose \u00e0 tout hypnologue.<br \/>\nLe secret couvre tout ce qui est venu \u00e0 la connaissance de l\u2019hypnologue dans l&#8217;exercice de sa profession, c&#8217;est-\u00e0-dire non seulement ce qui<br \/>\nlui a \u00e9t\u00e9 confi\u00e9, mais aussi ce qu&#8217;il a vu, per\u00e7u, entendu, compris ou ressenti.<br \/>\nLe secret professionnel est g\u00e9n\u00e9ral et illimit\u00e9 dans le temps sous r\u00e9serve des strictes exigences de la propre d\u00e9fense de l\u2019hypnologue<br \/>\ndevant toute juridiction.<br \/>\nL\u2019hypnologue est relev\u00e9 de son obligation professionnelle en cas de raison \u00e9minente et imp\u00e9rieuse. Lorsqu\u2019 il a connaissance qu\u2019un mineur<br \/>\nest expos\u00e9 \u00e0 un risque d\u2019une particuli\u00e8re gravit\u00e9 ou que celui-ci subit tout acte de nature sexuel ou relevant d\u2019une qualification criminelle, il<br \/>\navertit le procureur ou toute autre autorit\u00e9 comp\u00e9tente.<br \/>\nL\u2019hypnologue n\u2019encourt aucune sanction professionnelle s\u2019il fournit, malgr\u00e9 son obligation de secret, des \u00e9l\u00e9ments permettant d\u2019\u00e9viter un<br \/>\ndanger actuel ou \u00e0 venir d\u2019une particuli\u00e8re gravit\u00e9.<br \/>\nL\u2019hypnologue fait respecter le secret professionnel par les membres de son secr\u00e9tariat et par toute personne qui coop\u00e8re avec lui dans son<br \/>\nactivit\u00e9 professionnelle.<br \/>\nLe secret peut \u00eatre partag\u00e9 en cas de difficult\u00e9 particuli\u00e8rement s\u00e9rieuse commandant \u00e0 l\u2019hypnologue de requ\u00e9rir le conseil de ses<br \/>\nconfr\u00e8res.<br \/>\nArt 5. Int\u00e9r\u00eat du client<br \/>\nL\u2019hypnologue a l\u2019obligation de poursuivre au mieux les int\u00e9r\u00eats de son client, par rapport \u00e0 ses propres int\u00e9r\u00eats, conceptions ou \u00e0 ceux de ses<br \/>\nconfr\u00e8res.<br \/>\nLes d\u00e9cisions de l\u2019hypnologue quant au protocole \u00e0 adopter respectent l\u2019 objectif d\u00e9fini avec le client. Le cas \u00e9ch\u00e9ant, l\u2019hypnologue doit<br \/>\nprendre en compte l\u2019 impact n\u00e9gatif qu\u2019 un changement pourrait produire sur \u00ab l\u2019 environnement \u00bb du client et en informer celui-ci.<br \/>\nL\u2019hypnologue fournit une information loyale, claire et appropri\u00e9e sur sa comp\u00e9tence et sur le d\u00e9roulement de la s\u00e9ance.Il tient compte de<br \/>\nla personnalit\u00e9 du client dans ses explications et veille \u00e0 leur compr\u00e9hension.<br \/>\nL\u2019hypnologue n&#8217;use pas de sa position de confiance \u00e0 des fins personnelles, de pros\u00e9lytisme ou d\u2019 abus de l\u2019 \u00e9tat de faiblesse \u00e9ventuelle de<br \/>\nson client.<br \/>\nArt 6. Clause de conscience<br \/>\nL\u2019hypnologue se d\u00e9charge de toute mission contraire aux principes d\u00e9ontologiques de sa profession ou mettant en p\u00e9ril son ind\u00e9pendance.<br \/>\nSi le lien de confiance qui relie l\u2019hypnologue et le client est gravement alt\u00e9r\u00e9, celui-ci peut d\u00e9cider d\u2019interrompre sa mission.<br \/>\nSi l\u2019objectif d\u00e9fini ne rel\u00e8ve pas de la comp\u00e9tence de l\u2019hypnologue, celui-ci se d\u00e9porte et l\u2019oriente vers un professionnel de la discipline<br \/>\nad\u00e9quate (m\u00e9decine g\u00e9n\u00e9rale, psychiatrie, psychologie\u2026)<br \/>\nL\u2019hypnologue doit \u00e9couter, informer et conseiller avec la m\u00eame conscience toutes les personnes sans discrimination.<br \/>\nArt 7. Principe de non discrimination<br \/>\nL\u2019origine, les moeurs, la situation de famille, l\u2019 handicap ou l\u2019 \u00e9tat de sant\u00e9, l\u2019 appartenance vraie ou suppos\u00e9e \u00e0 une ethnie, une nation, une<br \/>\nreligion d\u00e9termin\u00e9e, ou \u00e0 un courant politique ne peuvent constitu\u00e9es un motif valable pour poser sa clause conscience.<br \/>\nL\u2019hypnologue appel\u00e9 \u00e0 donner une consultation \u00e0 un mineur ou \u00e0 un majeur prot\u00e9g\u00e9 doit recueillir le consentement \u00e9clair\u00e9 d\u2019au moins un<br \/>\nparent ou du repr\u00e9sentant l\u00e9gal.<br \/>\nArt 8. Honoraires<br \/>\nL\u2019hypnologue doit informer son client du montant de ses honoraires.<br \/>\nLe montant de ceux-ci doit \u00eatre fix\u00e9 avec tact, \u00e9quit\u00e9 et mesure notamment eu \u00e9gard \u00e0 la situation financi\u00e8re du client.<br \/>\nUne caisse commune de solidarit\u00e9 permettra le cas \u00e9ch\u00e9ant d\u2019indemniser l\u2019 hypnologue prenant en charge des indigents.<br \/>\nArt 9. Comp\u00e9tence et formation<br \/>\nL\u2019hypnologue pour exercer, doit \u00eatre titulaire, au minimum, du dipl\u00f4me de praticien d\u00e9livr\u00e9 ou reconnu \u00e9quivalent par un des signataires de<br \/>\nce pr\u00e9sent code et doit s\u2019engager \u00e0 suivre au moins quatre supervisions pendant l\u2019ann\u00e9e sauf \u00e0 faire valid\u00e9 son exp\u00e9rience et sa<br \/>\ncomp\u00e9tence par ses pairs.<br \/>\nIl doit satisfaire tout au long de son exercice aux exigences de moralit\u00e9 et respecter les principes d\u00e9ontologiques de la profession.<br \/>\nL\u2019hypnologue doit entretenir et perfectionner ses connaissances et ses comp\u00e9tences professionnelles en tenant compte des \u00e9volutions<br \/>\ntechniques, scientifiques et \u00e9thique de la profession. Il doit participer \u00e0 des actions de formation continue et peut participer \u00e0 l&#8217;\u00e9valuation<br \/>\ndes pratiques professionnelles.<br \/>\nArt 10. Publicit\u00e9<br \/>\nLa publicit\u00e9 est permise \u00e0 l&#8217;hypnologue si elle procure une information loyale au public et si sa mise en oeuvre est fid\u00e8le aux principes<br \/>\nessentiels de la profession.<br \/>\nLa publicit\u00e9 inclut la diffusion d&#8217;informations sur la nature des prestations de services propos\u00e9es, d\u00e8s lors qu&#8217;elle est exclusive de toute<br \/>\nforme de d\u00e9marchage.<br \/>\nProhibition de toute publicit\u00e9 mensong\u00e8re ou contenant des renseignements inexacts ou fallacieux, mentions hyperboliques ou<br \/>\ncomparatives ou susceptibles de cr\u00e9er l&#8217;apparence d&#8217;une qualification professionnelle non reconnue.<br \/>\nL\u2019hypnologue peut recourir \u00e0 tous moyens l\u00e9gaux permettant d&#8217;assurer sa publicit\u00e9 personnelle, d\u00e8s lors que sont respect\u00e9es en outre les<br \/>\ndispositions du pr\u00e9sent article.<br \/>\nArt 11. Confraternit\u00e9 et r\u00e9putation de la profession<br \/>\nLa confraternit\u00e9 exige des relations de confiance et de respect entre hypnologue, dans l\u2019int\u00e9r\u00eat du client et de la r\u00e9putation de la profession.<br \/>\nL\u2019hypnologue reconna\u00eet comme confr\u00e8re toute personne comp\u00e9tente dans sa pratique de l\u2019 hypnose et respectueuse des principes<br \/>\n\u00e9thiques et maintien \u00e0 son \u00e9gard un comportement confraternel, digne et loyal.<br \/>\nLes hypnologues se doivent assistance dans l&#8217;adversit\u00e9 ou dans la difficult\u00e9.<br \/>\nEn cas de diff\u00e9rend avec un confr\u00e8re, l\u2019hypnologue doit rechercher une conciliation, au besoin par l&#8217;interm\u00e9diaire du conseil \u00e9thique.<br \/>\nTout hypnologue doit veiller constamment \u00e0 ne pas d\u00e9consid\u00e9rer la profession ou ses confr\u00e8res par un comportement indigne, m\u00eame en<br \/>\ndehors du cadre de son exercice professionnel.<br \/>\nArt 12. Concurrence, client\u00e8le et assurance<br \/>\nL\u2019hypnologue d&#8217;exercice lib\u00e9ral ne doit pas d\u00e9tourner \u00e0 son profit les clients d\u2019un confr\u00e8re ou ceux qui lui sont confi\u00e9s de fa\u00e7on temporaire.<br \/>\nEst proscrit toute pratique constituant une concurrence d\u00e9loyale. L\u2019abaissement des honoraires, dans le but de capter une client\u00e8le<br \/>\nsuppl\u00e9mentaire, doit \u00eatre soumis \u00e0 l\u2019appr\u00e9ciation du comit\u00e9 \u00e9thique qui rend un avis contraignant en prenant en compte la r\u00e9gion et la<br \/>\nconcurrence en pr\u00e9sence.<br \/>\nL\u2019hypnologue doit assurer sa responsabilit\u00e9 professionnelle dans une mesure raisonnable eu \u00e9gard \u00e0 la nature et \u00e0 l\u2019importance des risques<br \/>\nencourus.<\/p>\n","protected":false},"excerpt":{"rendered":"<p>CODE DE DEONTOLOGIE DES HYPNOLOGUES Signataire : Acad\u00e9mie pour la Reconnaissance et la Connaissance en Hypnose Ericksonienne Art 1. Respect des droits fondamentaux L\u2019hypnologue exerce sa mission dans le respect de la dignit\u00e9 humaine, de la vie personnelle, priv\u00e9e et familiale de la personne. Art 2. Moralit\u00e9, probit\u00e9 et humanit\u00e9 Les principes essentiels de la [&hellip;]<\/p>\n","protected":false},"author":1,"featured_media":0,"parent":51,"menu_order":0,"comment_status":"closed","ping_status":"open","template":"","meta":{"footnotes":""},"class_list":["post-48","page","type-page","status-publish","hentry"],"_links":{"self":[{"href":"https:\/\/abchypnose.com\/index.php?rest_route=\/wp\/v2\/pages\/48","targetHints":{"allow":["GET"]}}],"collection":[{"href":"https:\/\/abchypnose.com\/index.php?rest_route=\/wp\/v2\/pages"}],"about":[{"href":"https:\/\/abchypnose.com\/index.php?rest_route=\/wp\/v2\/types\/page"}],"author":[{"embeddable":true,"href":"https:\/\/abchypnose.com\/index.php?rest_route=\/wp\/v2\/users\/1"}],"replies":[{"embeddable":true,"href":"https:\/\/abchypnose.com\/index.php?rest_route=%2Fwp%2Fv2%2Fcomments&post=48"}],"version-history":[{"count":2,"href":"https:\/\/abchypnose.com\/index.php?rest_route=\/wp\/v2\/pages\/48\/revisions"}],"predecessor-version":[{"id":54,"href":"https:\/\/abchypnose.com\/index.php?rest_route=\/wp\/v2\/pages\/48\/revisions\/54"}],"up":[{"embeddable":true,"href":"https:\/\/abchypnose.com\/index.php?rest_route=\/wp\/v2\/pages\/51"}],"wp:attachment":[{"href":"https:\/\/abchypnose.com\/index.php?rest_route=%2Fwp%2Fv2%2Fmedia&parent=48"}],"curies":[{"name":"wp","href":"https:\/\/api.w.org\/{rel}","templated":true}]}}